{"id":13,"date":"2019-03-29T20:52:31","date_gmt":"2019-03-29T20:52:31","guid":{"rendered":"http:\/\/wp.haarnet.de\/?page_id=13"},"modified":"2022-03-31T16:36:57","modified_gmt":"2022-03-31T16:36:57","slug":"impressum","status":"publish","type":"page","link":"http:\/\/wp.haarnet.de\/?page_id=13","title":{"rendered":"Impressum"},"content":{"rendered":"\n<p class=\"has-text-align-center\">Impressum: <br>Friseur  J\u00e4hrling <br>Moldenhauerweg 1  <br>64293 Darmstadt <br>Tel. 0 61 51 \/ 82 44 02 <br>e-Mail:  <a href=\"mailto:fj@h-werk.de\">Frank J\u00e4hrling <\/a> <br><\/p>\n\n\n\n<p>Gem\u00e4\u00df \u00a7 28 BDSG widerspreche ich jeder kommerziellen Verwendung und Weitergabe meiner Daten.  <br>Verantwortungsbereich:  Das Impressum gilt nur f\u00fcr die Internetpr\u00e4senz unter der Adresse: <a href=\"http:\/\/www.haarnet.de\">www.haarnet.de  <\/a><br>Verantwortliche Ansprechperson:  <br>Frank J\u00e4hrling, <br>Moldenhauerweg 1, <br>64293 Darmstadt, <br>email: <a href=\"mailto-.fj@h-werk.de\">fj@h-werk.de  <\/a><br>Telefon: 06151-824402 <br>Zust\u00e4ndige Aufsichtsbeh\u00f6rde:   <br>Handwerkskammer Rhein-Main <br> Bockenheimer Landstra\u00dfe 21  <br>60325 Frankfurt am Main  <br>Tel.: 0 69\/9 71 72-0, Fax: 0 69\/9 71 72-1 99 <br> E-Mail: <a href=\"mailto:info@hwk-rhein-main.de  \">info@hwk-rhein-main.de  <\/a><br>Internet: <a href=\"http:\/\/www.hwk-rhein-main.de\">www.hwk-rhein-main.de<\/a><br>Der Diensteanbieter f\u00fchrt die gesetzliche Berufsbezeichnung: Friseurmeister  Verliehen wurde die Berufsbezeichnung in: Deutschland  Bezeichnung der berufsrechtlichen Regelungen: Friseure Die Berufsordnung ist erreichbar unter:  <br>Zentralverband des Deutschen Friseurhandwerks, <br>Wei\u00dfenburgstra\u00dfe 74, <br>50670 K\u00f6ln  <br>Telefon: +49 (22 1) 97 30 37-0 Telefax: +49 (22 1) 97 30 37-30  <br>E-Mail:<a href=\"http:\/\/ mailto:info@friseurhandwerk.de \"> info@friseurhandwerk.de <\/a><br>Internet: <a href=\"http:\/\/www.friseurhandwerk.de \">www.friseurhandwerk.de <\/a><br>Der Diensteanbieter geh\u00f6rt folgender Kammer an: <br>Handwerkskammer Rhein-Main <br>Betriebsnummer: 4151810 <br>Urheberschutz und Nutzung:  Der Urheber r\u00e4umt Ihnen ganz konkret das Nutzungsrecht ein, sich eine private Kopie f\u00fcr pers\u00f6nliche Zwecke anzufertigen. Nicht berechtigt sind Sie dagegen, die Materialien zu ver\u00e4ndern und \/oder weiter zu geben oder gar selbst zu ver\u00f6ffentlichen. Wenn nicht ausdr\u00fccklich anders vermerkt, liegen die Urheberrechte f\u00fcr Texte bei Frank J\u00e4hrling.  Die meisten Illustrationen unterliegen den Urheberrechten von Frank J\u00e4hrling <\/p>\n\n\n\n<p>Datenschutz:  Personenbezogene Daten werden nur mit Ihrem Wissen und Ihrer Einwilligung erhoben. Auf Antrag erhalten Sie unentgeltlich Auskunft zu den \u00fcber Sie gespeicherten personenbezogenen Daten. Wenden Sie sich dazu bitte an: <a href=\"mailto:fj@h-werk.de\">fj@h-werk.de<\/a> Keine Haftung: Die Inhalte dieses Webprojektes wurden sorgf\u00e4ltig gepr\u00fcft und nach bestem Wissen erstellt. Aber f\u00fcr die hier dargebotenen Informationen wird kein Anspruch auf Vollst\u00e4ndigkeit, Aktualit\u00e4t, Qualit\u00e4t und Richtigkeit erhoben. Es kann keine Verantwortung f\u00fcr Sch\u00e4den \u00fcbernommen werden, die durch das Vertrauen auf die Inhalte dieser Website oder deren Gebrauch entstehen. <\/p>\n\n\n\n<p>Schutzrechtsverletzung:  Falls Sie vermuten, dass von dieser Website aus eines Ihrer Schutzrechte verletzt wird, teilen Sie das bitte umgehend per elektronischer Post mit, damit z\u00fcgig Abhilfe geschafft werden kann. Bitte nehmen Sie zur Kenntnis: Die zeitaufw\u00e4ndigere Einschaltung eines Anwaltes zur f\u00fcr den Diensteanbieter kostenpflichtigen Abmahnung entspricht nicht dessen wirklichen oder mutma\u00dflichen Willen. <\/p>\n","protected":false},"excerpt":{"rendered":"<p>Impressum: Friseur J\u00e4hrling Moldenhauerweg 1 64293 Darmstadt Tel. 0 61 51 \/ 82 44 02 e-Mail: Frank J\u00e4hrling Gem\u00e4\u00df \u00a7<\/p>\n","protected":false},"author":1,"featured_media":0,"parent":0,"menu_order":0,"comment_status":"closed","ping_status":"closed","template":"","meta":{"footnotes":""},"class_list":["post-13","page","type-page","status-publish","hentry"],"_links":{"self":[{"href":"http:\/\/wp.haarnet.de\/index.php?rest_route=\/wp\/v2\/pages\/13","targetHints":{"allow":["GET"]}}],"collection":[{"href":"http:\/\/wp.haarnet.de\/index.php?rest_route=\/wp\/v2\/pages"}],"about":[{"href":"http:\/\/wp.haarnet.de\/index.php?rest_route=\/wp\/v2\/types\/page"}],"author":[{"embeddable":true,"href":"http:\/\/wp.haarnet.de\/index.php?rest_route=\/wp\/v2\/users\/1"}],"replies":[{"embeddable":true,"href":"http:\/\/wp.haarnet.de\/index.php?rest_route=%2Fwp%2Fv2%2Fcomments&post=13"}],"version-history":[{"count":9,"href":"http:\/\/wp.haarnet.de\/index.php?rest_route=\/wp\/v2\/pages\/13\/revisions"}],"predecessor-version":[{"id":523,"href":"http:\/\/wp.haarnet.de\/index.php?rest_route=\/wp\/v2\/pages\/13\/revisions\/523"}],"wp:attachment":[{"href":"http:\/\/wp.haarnet.de\/index.php?rest_route=%2Fwp%2Fv2%2Fmedia&parent=13"}],"curies":[{"name":"wp","href":"https:\/\/api.w.org\/{rel}","templated":true}]}}

<p class="has-text-align-center">Impressum: <br>Friseur  Jährling <br>Moldenhauerweg 1  <br>64293 Darmstadt <br>Tel. 0 61 51 / 82 44 02 <br>e-Mail:  <a href="mailto:fj@h-werk.de">Frank Jährling </a> <br></p>



<p>Gemäß § 28 BDSG widerspreche ich jeder kommerziellen Verwendung und Weitergabe meiner Daten.  <br>Verantwortungsbereich:  Das Impressum gilt nur für die Internetpräsenz unter der Adresse: <a href="http://www.haarnet.de">www.haarnet.de  </a><br>Verantwortliche Ansprechperson:  <br>Frank Jährling, <br>Moldenhauerweg 1, <br>64293 Darmstadt, <br>email: <a href="mailto-.fj@h-werk.de">fj@h-werk.de  </a><br>Telefon: 06151-824402 <br>Zuständige Aufsichtsbehörde:   <br>Handwerkskammer Rhein-Main <br> Bockenheimer Landstraße 21  <br>60325 Frankfurt am Main  <br>Tel.: 0 69/9 71 72-0, Fax: 0 69/9 71 72-1 99 <br> E-Mail: <a href="mailto:info@hwk-rhein-main.de  ">info@hwk-rhein-main.de  </a><br>Internet: <a href="http://www.hwk-rhein-main.de">www.hwk-rhein-main.de</a><br>Der Diensteanbieter führt die gesetzliche Berufsbezeichnung: Friseurmeister  Verliehen wurde die Berufsbezeichnung in: Deutschland  Bezeichnung der berufsrechtlichen Regelungen: Friseure Die Berufsordnung ist erreichbar unter:  <br>Zentralverband des Deutschen Friseurhandwerks, <br>Weißenburgstraße 74, <br>50670 Köln  <br>Telefon: +49 (22 1) 97 30 37-0 Telefax: +49 (22 1) 97 30 37-30  <br>E-Mail:<a href="http:// mailto:info@friseurhandwerk.de "> info@friseurhandwerk.de </a><br>Internet: <a href="http://www.friseurhandwerk.de ">www.friseurhandwerk.de </a><br>Der Diensteanbieter gehört folgender Kammer an: <br>Handwerkskammer Rhein-Main <br>Betriebsnummer: 4151810 <br>Urheberschutz und Nutzung:  Der Urheber räumt Ihnen ganz konkret das Nutzungsrecht ein, sich eine private Kopie für persönliche Zwecke anzufertigen. Nicht berechtigt sind Sie dagegen, die Materialien zu verändern und /oder weiter zu geben oder gar selbst zu veröffentlichen. Wenn nicht ausdrücklich anders vermerkt, liegen die Urheberrechte für Texte bei Frank Jährling.  Die meisten Illustrationen unterliegen den Urheberrechten von Frank Jährling </p>



<p>Datenschutz:  Personenbezogene Daten werden nur mit Ihrem Wissen und Ihrer Einwilligung erhoben. Auf Antrag erhalten Sie unentgeltlich Auskunft zu den über Sie gespeicherten personenbezogenen Daten. Wenden Sie sich dazu bitte an: <a href="mailto:fj@h-werk.de">fj@h-werk.de</a> Keine Haftung: Die Inhalte dieses Webprojektes wurden sorgfältig geprüft und nach bestem Wissen erstellt. Aber für die hier dargebotenen Informationen wird kein Anspruch auf Vollständigkeit, Aktualität, Qualität und Richtigkeit erhoben. Es kann keine Verantwortung für Schäden übernommen werden, die durch das Vertrauen auf die Inhalte dieser Website oder deren Gebrauch entstehen. </p>



<p>Schutzrechtsverletzung:  Falls Sie vermuten, dass von dieser Website aus eines Ihrer Schutzrechte verletzt wird, teilen Sie das bitte umgehend per elektronischer Post mit, damit zügig Abhilfe geschafft werden kann. Bitte nehmen Sie zur Kenntnis: Die zeitaufwändigere Einschaltung eines Anwaltes zur für den Diensteanbieter kostenpflichtigen Abmahnung entspricht nicht dessen wirklichen oder mutmaßlichen Willen. </p>

<p>Impressum: Friseur Jährling Moldenhauerweg 1 64293 Darmstadt Tel. 0 61 51 / 82 44 02 e-Mail: Frank Jährling Gemäß §</p>
