{"id":24,"date":"2019-03-29T21:16:27","date_gmt":"2019-03-29T21:16:27","guid":{"rendered":"http:\/\/wp.haarnet.de\/?page_id=24"},"modified":"2022-03-31T16:37:46","modified_gmt":"2022-03-31T16:37:46","slug":"datenschutz","status":"publish","type":"page","link":"http:\/\/wp.haarnet.de\/?page_id=24","title":{"rendered":"Datenschutz"},"content":{"rendered":"\n<p><strong>Datenschutzerkl\u00e4rung<\/strong> <br>1. Datenschutz auf einen Blick Allgemeine Hinweise Die folgenden Hinweise geben einen einfachen \u00dcberblick dar\u00fcber, was mit Ihren personenbezogenen Daten passiert, wenn Sie unsere Website besuchen. Personenbezogene Datensind alle Daten, mit denen Sie pers\u00f6nlich identifiziert werden k\u00f6nnen. Ausf\u00fchrliche Informationen zum Thema Datenschutz entnehmen Sie unsere runter diesem Text aufgef\u00fchrten Datenschutzerkl\u00e4rung. <\/p>\n\n\n\n<p><strong>Datenerfassung auf unserer Website<\/strong> <br>Wer ist verantwortlich f\u00fcr die Datenerfassung auf dieser Website? Die Datenverarbeitung auf dieser Website erfolgt durch den Websitebetreiber. Dessen Kontaktdaten k\u00f6nnen Siedem Impressum dieser Website entnehmen. <\/p>\n\n\n\n<p><strong>Wie erfassen wir IhreDaten?<\/strong><br> Ihre Daten werden zum einen dadurch erhoben, dass Sie uns diese mitteilen. Hierbei kann es sich z.B. um Daten handeln, die Sie in ein Kontaktformular eingeben. Andere Daten werden automatisch beim Besuch der Website durch unsere IT-Systeme erfasst. Das sind vor allem technische Daten (z.B. Internetbrowser, Betriebssystem oder Uhrzeit des Seitenaufrufs). Die Erfassung dieser Daten erfolgt automatisch, sobald Sieunsere Website betreten. <\/p>\n\n\n\n<p><br><strong>Wof\u00fcr nutzen wir Ihre Daten? <\/strong>Ein Teil der Daten wird erhoben, um eine fehlerfreie Bereitstellung der Website zu gew\u00e4hrleisten. Andere Daten k\u00f6nnen zur Analyse Ihres Nutzerverhaltens verwendet werden. Welche Rechte haben Siebez\u00fcglich Ihrer Daten? Sie haben jederzeit das Rechtunentgeltlich Auskunft \u00fcber Herkunft, Empf\u00e4nger und Zweck Ihrer gespeicherten personenbezogenen Daten zu erhalten. Sie haben au\u00dferdem einRecht, die Berichtigung, Sperrung oder L\u00f6schung dieser Daten zu verlangen.Hierzu sowie zu weiteren Fragen zum Thema Datenschutz k\u00f6nnen Sie sichjederzeit unter der im Impressum angegebenen Adresse an uns wenden. DesWeiteren steht Ihnen ein Beschwerderecht bei der zust\u00e4ndigenAufsichtsbeh\u00f6rde zu. <\/p>\n\n\n\n<p><strong>2. Allgemeine Hinweise undPflichtinformationen <\/strong><br><strong>Datenschutz <\/strong><br>Die Betreiber dieserSeiten nehmen den Schutz Ihrer pers\u00f6nlichen Daten sehr ernst. Wirbehandeln Ihre personenbezogenen Daten vertraulich und entsprechend der gesetzlichen Datenschutzvorschriften sowie dieser Datenschutzerkl\u00e4rung. Wenn Sie diese Website benutzen, werden verschiedene personenbezogeneDaten erhoben. Personenbezogene Daten sind Daten, mit denen Sie pers\u00f6nlichidentifiziert werden k\u00f6nnen. Die vorliegende Datenschutzerkl\u00e4rungerl\u00e4utert, welche Daten wir erheben und wof\u00fcr wir sie nutzen. Sieerl\u00e4utert auch, wie und zu welchem Zweck das geschieht. Wir weisendarauf hin, dass die Daten\u00fcbertragung im Internet (z.B. bei derKommunikation per E-Mail) Sicherheitsl\u00fccken aufweisen kann. Einl\u00fcckenloser Schutz der Daten vor dem Zugriff durch Dritte ist nichtm\u00f6glich. <\/p>\n\n\n\n<p><strong>Hinweis zur verantwortlichen Stelle <\/strong><br>Die verantwortliche Stelle f\u00fcr die Datenverarbeitung auf dieser Website ist: <br>Friseur J\u00e4hrling<br>Moldenhauerweg 1, <br>64293 Darmstadt <br>Telefon: 061 51 \/ 82 44 02 <br>E-Mail: fj@h-werk.de  <br>Verantwortliche Stelle ist die nat\u00fcrliche oder juristische Person, die allein oder gemeinsam mit anderen \u00fcber die Zwecke und Mittel der Verarbeitung von personenbezogenen Daten (z.B. Namen, E-Mail-Adressen o. \u00c4.) entscheidet. <\/p>\n\n\n\n<p><strong>Widerruf Ihrer Einwilligung zur Datenverarbeitung <\/strong><br>Viele Datenverarbeitungsvorg\u00e4nge sind nur mit Ihrer ausdr\u00fccklichen Einwilligung m\u00f6glich. Sie k\u00f6nnen eine bereits erteilte Einwilligung jederzeit widerrufen. Dazu reicht eine formlose Mitteilung per E-Mail an uns. Die Rechtm\u00e4\u00dfigkeit der bis zum Widerruf erfolgten Datenverarbeitung bleibt vom Widerruf unber\u00fchrt. <\/p>\n\n\n\n<p><strong>Beschwerderecht bei der zust\u00e4ndigen Aufsichtsbeh\u00f6rde<\/strong> <br>Im Falle datenschutzrechtlicher Verst\u00f6\u00dfe steht dem Betroffenen ein Beschwerderecht bei der zust\u00e4ndigen Aufsichtsbeh\u00f6rde zu. Zust\u00e4ndige Aufsichtsbeh\u00f6rde in datenschutzrechtlichen Fragen ist der Landesdatenschutzbeauftragte des Bundeslandes, in dem unser Unternehmen seinen Sitz hat. Eine Liste der Datenschutzbeauftragten sowie deren Kontaktdaten k\u00f6nnen folgendem Link entnommen werden: <a href=\"https:\/\/www.bfdi.bund.de\/DE\/Infothek\/Anschriften_Links\/anschriften_links-node.htm\">https:\/\/www.bfdi.bund.de\/DE\/Infothek\/Anschriften_Links\/anschriften_links-node.htm<\/a><\/p>\n\n\n\n<p><strong>Recht auf Daten\u00fcbertragbarkeit<\/strong><br> Sie haben das Recht, Daten, die wir auf Grundlage Ihrer Einwilligung oder in Erf\u00fcllung eines Vertrags automatisiert verarbeiten, an sich oder an einen Dritten in einemg\u00e4ngigen, maschinenlesbaren Format aush\u00e4ndigen zu lassen. Sofern Sie die direkte \u00dcbertragung der Daten an einen anderen Verantwortlichen verlangen, erfolgt dies nur, soweit es technisch machbar ist. <\/p>\n\n\n\n<p><strong>SSL- bzw. TLS-Verschl\u00fcsselung<\/strong> <br>Diese Seite nutzt aus Sicherheitsgr\u00fcnden und zum Schutz der \u00dcbertragung vertraulicher Inhalte, wie zum Beispiel Bestellungen oder Anfragen, die Sie an uns als Seitenbetreiber senden, eine SSL-bzw. TLS-Verschl\u00fcsselung. Eine verschl\u00fcsselte Verbindung erkennen Sie daran, dass die Adresszeile des Browsers von \u201chttp:\/\/\u201d auf \u201chttps:\/\/\u201d wechselt und an dem Schloss-Symbol in Ihrer Browserzeile. Wenn die SSL- bzw. TLS-Verschl\u00fcsselung aktiviert ist, k\u00f6nnen die Daten, die Sie an uns \u00fcbermitteln, nicht von Dritten mitgelesen werden. <\/p>\n\n\n\n<p><strong>Auskunft, Sperrung, L\u00f6schung<\/strong><br> Sie haben im Rahmen der geltenden gesetzlichen Bestimmungen jederzeit das Recht auf unentgeltliche Auskunft \u00fcber Ihre gespeicherten personenbezogenen Daten, deren Herkunft und Empf\u00e4nger und den Zweck der Datenverarbeitung und ggf. ein Recht auf Berichtigung, Sperrung oder L\u00f6schung dieser Daten. Hierzu sowie zu weiteren Fragen zum Thema personenbezogene Daten k\u00f6nnen Sie sich jederzeit unter der im Impressum angegebenen Adresse an uns wenden. <br><\/p>\n\n\n\n<p><strong>Widerspruch gegen Werbe-Mails<\/strong> <br>Der Nutzung von im Rahmen der Impressumspflicht ver\u00f6ffentlichten Kontaktdaten zur \u00dcbersendung von nicht ausdr\u00fccklich angeforderter Werbung und Informationsmaterialien wird hiermit widersprochen. Die Betreiber der Seiten behalten sich ausdr\u00fccklich rechtliche Schritte im Falle der unverlangten Zusendung von Werbeinformationen, etwa durch Spam-E-Mails, vor. <\/p>\n\n\n\n<p><br><strong>3.Datenerfassung auf unserer Website<\/strong> <br><strong>Server-Log-Dateien <\/strong><br>Der Provider der Seiten erhebt und speichert automatisch Informationen in sogenannten Server-Log-Dateien, die Ihr Browser automatisch an uns \u00fcbermittelt. Dies sind: Browsertyp und Browserversion verwendetes Betriebssystem Referrer URL Hostname des zugreifenden Rechners Uhrzeit der Serveranfrage IP-Adresse Eine Zusammenf\u00fchrung dieser Daten mit anderenDatenquellen wird nicht vorgenommen. Grundlage f\u00fcr dieDatenverarbeitung ist Art. 6 Abs. 1 lit. b DSGVO, der die Verarbeitung vonDaten zur Erf\u00fcllung eines Vertrags oder vorvertraglicher Ma\u00dfnahmengestattet. <\/p>\n\n\n\n<p><strong>Kontaktformular<\/strong><br> Wenn Sie uns per Kontaktformular Anfragen zukommen lassen, werden Ihre Angaben aus dem Anfrageformular inklusive der von Ihnen dort angegebenen Kontaktdatenzwecks Bearbeitung der Anfrage und f\u00fcr den Fall von Anschlussfragen bei uns gespeichert. Diese Daten geben wir nicht ohne Ihre Einwilligung weiter. <br>Die Verarbeitung der in das Kontaktformular eingegebenen Datenerfolgt somit ausschlie\u00dflich auf Grundlage Ihrer Einwilligung (Art. 6 Abs.1 lit. a DSGVO). Sie k\u00f6nnen diese Einwilligung jederzeit widerrufen. Dazu reicht eine formlose Mitteilung per E-Mail an uns. Die Rechtm\u00e4\u00dfigkeit der bis zum Widerruf erfolgten Datenverarbeitungsvorg\u00e4nge bleibt vom Widerrufunber\u00fchrt. Die von Ihnen im Kontaktformular eingegebenen Datenverbleiben bei uns, bis Sie uns zur L\u00f6schung auffordern, Ihre Einwilligung zur Speicherung widerrufen oder der Zweck f\u00fcr die Datenspeicherung entf\u00e4llt (z.B. nach abgeschlossener Bearbeitung Ihrer Anfrage). Zwingende gesetzliche Bestimmungen \u2013 insbesondere Aufbewahrungsfristen \u2013 bleiben unber\u00fchrt.<\/p>\n","protected":false},"excerpt":{"rendered":"<p>Datenschutzerkl\u00e4rung 1. Datenschutz auf einen Blick Allgemeine Hinweise Die folgenden Hinweise geben einen einfachen \u00dcberblick dar\u00fcber, was mit Ihren personenbezogenen<\/p>\n","protected":false},"author":1,"featured_media":0,"parent":0,"menu_order":0,"comment_status":"closed","ping_status":"closed","template":"","meta":{"footnotes":""},"class_list":["post-24","page","type-page","status-publish","hentry"],"_links":{"self":[{"href":"http:\/\/wp.haarnet.de\/index.php?rest_route=\/wp\/v2\/pages\/24","targetHints":{"allow":["GET"]}}],"collection":[{"href":"http:\/\/wp.haarnet.de\/index.php?rest_route=\/wp\/v2\/pages"}],"about":[{"href":"http:\/\/wp.haarnet.de\/index.php?rest_route=\/wp\/v2\/types\/page"}],"author":[{"embeddable":true,"href":"http:\/\/wp.haarnet.de\/index.php?rest_route=\/wp\/v2\/users\/1"}],"replies":[{"embeddable":true,"href":"http:\/\/wp.haarnet.de\/index.php?rest_route=%2Fwp%2Fv2%2Fcomments&post=24"}],"version-history":[{"count":17,"href":"http:\/\/wp.haarnet.de\/index.php?rest_route=\/wp\/v2\/pages\/24\/revisions"}],"predecessor-version":[{"id":524,"href":"http:\/\/wp.haarnet.de\/index.php?rest_route=\/wp\/v2\/pages\/24\/revisions\/524"}],"wp:attachment":[{"href":"http:\/\/wp.haarnet.de\/index.php?rest_route=%2Fwp%2Fv2%2Fmedia&parent=24"}],"curies":[{"name":"wp","href":"https:\/\/api.w.org\/{rel}","templated":true}]}}

<p><strong>Datenschutzerklärung</strong> <br>1. Datenschutz auf einen Blick Allgemeine Hinweise Die folgenden Hinweise geben einen einfachen Überblick darüber, was mit Ihren personenbezogenen Daten passiert, wenn Sie unsere Website besuchen. Personenbezogene Datensind alle Daten, mit denen Sie persönlich identifiziert werden können. Ausführliche Informationen zum Thema Datenschutz entnehmen Sie unsere runter diesem Text aufgeführten Datenschutzerklärung. </p>



<p><strong>Datenerfassung auf unserer Website</strong> <br>Wer ist verantwortlich für die Datenerfassung auf dieser Website? Die Datenverarbeitung auf dieser Website erfolgt durch den Websitebetreiber. Dessen Kontaktdaten können Siedem Impressum dieser Website entnehmen. </p>



<p><strong>Wie erfassen wir IhreDaten?</strong><br> Ihre Daten werden zum einen dadurch erhoben, dass Sie uns diese mitteilen. Hierbei kann es sich z.B. um Daten handeln, die Sie in ein Kontaktformular eingeben. Andere Daten werden automatisch beim Besuch der Website durch unsere IT-Systeme erfasst. Das sind vor allem technische Daten (z.B. Internetbrowser, Betriebssystem oder Uhrzeit des Seitenaufrufs). Die Erfassung dieser Daten erfolgt automatisch, sobald Sieunsere Website betreten. </p>



<p><br><strong>Wofür nutzen wir Ihre Daten? </strong>Ein Teil der Daten wird erhoben, um eine fehlerfreie Bereitstellung der Website zu gewährleisten. Andere Daten können zur Analyse Ihres Nutzerverhaltens verwendet werden. Welche Rechte haben Siebezüglich Ihrer Daten? Sie haben jederzeit das Rechtunentgeltlich Auskunft über Herkunft, Empfänger und Zweck Ihrer gespeicherten personenbezogenen Daten zu erhalten. Sie haben außerdem einRecht, die Berichtigung, Sperrung oder Löschung dieser Daten zu verlangen.Hierzu sowie zu weiteren Fragen zum Thema Datenschutz können Sie sichjederzeit unter der im Impressum angegebenen Adresse an uns wenden. DesWeiteren steht Ihnen ein Beschwerderecht bei der zuständigenAufsichtsbehörde zu. </p>



<p><strong>2. Allgemeine Hinweise undPflichtinformationen </strong><br><strong>Datenschutz </strong><br>Die Betreiber dieserSeiten nehmen den Schutz Ihrer persönlichen Daten sehr ernst. Wirbehandeln Ihre personenbezogenen Daten vertraulich und entsprechend der gesetzlichen Datenschutzvorschriften sowie dieser Datenschutzerklärung. Wenn Sie diese Website benutzen, werden verschiedene personenbezogeneDaten erhoben. Personenbezogene Daten sind Daten, mit denen Sie persönlichidentifiziert werden können. Die vorliegende Datenschutzerklärungerläutert, welche Daten wir erheben und wofür wir sie nutzen. Sieerläutert auch, wie und zu welchem Zweck das geschieht. Wir weisendarauf hin, dass die Datenübertragung im Internet (z.B. bei derKommunikation per E-Mail) Sicherheitslücken aufweisen kann. Einlückenloser Schutz der Daten vor dem Zugriff durch Dritte ist nichtmöglich. </p>



<p><strong>Hinweis zur verantwortlichen Stelle </strong><br>Die verantwortliche Stelle für die Datenverarbeitung auf dieser Website ist: <br>Friseur Jährling<br>Moldenhauerweg 1, <br>64293 Darmstadt <br>Telefon: 061 51 / 82 44 02 <br>E-Mail: fj@h-werk.de  <br>Verantwortliche Stelle ist die natürliche oder juristische Person, die allein oder gemeinsam mit anderen über die Zwecke und Mittel der Verarbeitung von personenbezogenen Daten (z.B. Namen, E-Mail-Adressen o. Ä.) entscheidet. </p>



<p><strong>Widerruf Ihrer Einwilligung zur Datenverarbeitung </strong><br>Viele Datenverarbeitungsvorgänge sind nur mit Ihrer ausdrücklichen Einwilligung möglich. Sie können eine bereits erteilte Einwilligung jederzeit widerrufen. Dazu reicht eine formlose Mitteilung per E-Mail an uns. Die Rechtmäßigkeit der bis zum Widerruf erfolgten Datenverarbeitung bleibt vom Widerruf unberührt. </p>



<p><strong>Beschwerderecht bei der zuständigen Aufsichtsbehörde</strong> <br>Im Falle datenschutzrechtlicher Verstöße steht dem Betroffenen ein Beschwerderecht bei der zuständigen Aufsichtsbehörde zu. Zuständige Aufsichtsbehörde in datenschutzrechtlichen Fragen ist der Landesdatenschutzbeauftragte des Bundeslandes, in dem unser Unternehmen seinen Sitz hat. Eine Liste der Datenschutzbeauftragten sowie deren Kontaktdaten können folgendem Link entnommen werden: <a href="https://www.bfdi.bund.de/DE/Infothek/Anschriften_Links/anschriften_links-node.htm">https://www.bfdi.bund.de/DE/Infothek/Anschriften_Links/anschriften_links-node.htm</a></p>



<p><strong>Recht auf Datenübertragbarkeit</strong><br> Sie haben das Recht, Daten, die wir auf Grundlage Ihrer Einwilligung oder in Erfüllung eines Vertrags automatisiert verarbeiten, an sich oder an einen Dritten in einemgängigen, maschinenlesbaren Format aushändigen zu lassen. Sofern Sie die direkte Übertragung der Daten an einen anderen Verantwortlichen verlangen, erfolgt dies nur, soweit es technisch machbar ist. </p>



<p><strong>SSL- bzw. TLS-Verschlüsselung</strong> <br>Diese Seite nutzt aus Sicherheitsgründen und zum Schutz der Übertragung vertraulicher Inhalte, wie zum Beispiel Bestellungen oder Anfragen, die Sie an uns als Seitenbetreiber senden, eine SSL-bzw. TLS-Verschlüsselung. Eine verschlüsselte Verbindung erkennen Sie daran, dass die Adresszeile des Browsers von “http://” auf “https://” wechselt und an dem Schloss-Symbol in Ihrer Browserzeile. Wenn die SSL- bzw. TLS-Verschlüsselung aktiviert ist, können die Daten, die Sie an uns übermitteln, nicht von Dritten mitgelesen werden. </p>



<p><strong>Auskunft, Sperrung, Löschung</strong><br> Sie haben im Rahmen der geltenden gesetzlichen Bestimmungen jederzeit das Recht auf unentgeltliche Auskunft über Ihre gespeicherten personenbezogenen Daten, deren Herkunft und Empfänger und den Zweck der Datenverarbeitung und ggf. ein Recht auf Berichtigung, Sperrung oder Löschung dieser Daten. Hierzu sowie zu weiteren Fragen zum Thema personenbezogene Daten können Sie sich jederzeit unter der im Impressum angegebenen Adresse an uns wenden. <br></p>



<p><strong>Widerspruch gegen Werbe-Mails</strong> <br>Der Nutzung von im Rahmen der Impressumspflicht veröffentlichten Kontaktdaten zur Übersendung von nicht ausdrücklich angeforderter Werbung und Informationsmaterialien wird hiermit widersprochen. Die Betreiber der Seiten behalten sich ausdrücklich rechtliche Schritte im Falle der unverlangten Zusendung von Werbeinformationen, etwa durch Spam-E-Mails, vor. </p>



<p><br><strong>3.Datenerfassung auf unserer Website</strong> <br><strong>Server-Log-Dateien </strong><br>Der Provider der Seiten erhebt und speichert automatisch Informationen in sogenannten Server-Log-Dateien, die Ihr Browser automatisch an uns übermittelt. Dies sind: Browsertyp und Browserversion verwendetes Betriebssystem Referrer URL Hostname des zugreifenden Rechners Uhrzeit der Serveranfrage IP-Adresse Eine Zusammenführung dieser Daten mit anderenDatenquellen wird nicht vorgenommen. Grundlage für dieDatenverarbeitung ist Art. 6 Abs. 1 lit. b DSGVO, der die Verarbeitung vonDaten zur Erfüllung eines Vertrags oder vorvertraglicher Maßnahmengestattet. </p>



<p><strong>Kontaktformular</strong><br> Wenn Sie uns per Kontaktformular Anfragen zukommen lassen, werden Ihre Angaben aus dem Anfrageformular inklusive der von Ihnen dort angegebenen Kontaktdatenzwecks Bearbeitung der Anfrage und für den Fall von Anschlussfragen bei uns gespeichert. Diese Daten geben wir nicht ohne Ihre Einwilligung weiter. <br>Die Verarbeitung der in das Kontaktformular eingegebenen Datenerfolgt somit ausschließlich auf Grundlage Ihrer Einwilligung (Art. 6 Abs.1 lit. a DSGVO). Sie können diese Einwilligung jederzeit widerrufen. Dazu reicht eine formlose Mitteilung per E-Mail an uns. Die Rechtmäßigkeit der bis zum Widerruf erfolgten Datenverarbeitungsvorgänge bleibt vom Widerrufunberührt. Die von Ihnen im Kontaktformular eingegebenen Datenverbleiben bei uns, bis Sie uns zur Löschung auffordern, Ihre Einwilligung zur Speicherung widerrufen oder der Zweck für die Datenspeicherung entfällt (z.B. nach abgeschlossener Bearbeitung Ihrer Anfrage). Zwingende gesetzliche Bestimmungen – insbesondere Aufbewahrungsfristen – bleiben unberührt.</p>

<p>Datenschutzerklärung 1. Datenschutz auf einen Blick Allgemeine Hinweise Die folgenden Hinweise geben einen einfachen Überblick darüber, was mit Ihren personenbezogenen</p>
