{"id":45,"date":"2019-03-31T20:32:40","date_gmt":"2019-03-31T20:32:40","guid":{"rendered":"http:\/\/wp.haarnet.de\/?page_id=45"},"modified":"2026-01-11T22:41:07","modified_gmt":"2026-01-11T22:41:07","slug":"wir-ueber-uns","status":"publish","type":"page","link":"http:\/\/wp.haarnet.de\/?page_id=45","title":{"rendered":"\u00dcber mich"},"content":{"rendered":"\n<p>Willkommen auf meiner&nbsp; Website. Mit meiner Webseite m\u00f6chten ich mich Ihnen ein wenig n\u00e4her bringen. <br>1968 bin ich in Darmstadt geboren. Verheiratet bin ich seit 2022 mit Julia J\u00e4hrling.<\/p>\n\n\n\n<p class=\"has-text-align-left\">Vor nun \u00fcber 60 Jahren, 1963 \u00fcbernahmen unsere, im Jahr 2006 verstorbenen, Eltern Gerda&nbsp;und Karl J\u00e4hrling den Friseursalon. &nbsp;Bis ins Jahr 1970 dauerte der Umbau zu den jetzigen R\u00e4umlichkeiten, die wir 1998 und 2002 modernisierten.<\/p>\n\n\n\n<p>Meine Ausbildung zum Friseur begann ich 1985. Nach einem halben Jahr Lehrlingsseminar bei der Friseurfachschule Meininghaus in Forchheim\/ Oberfranken, lernte ich im elterlichen Betrieb fertig. <br>1988 bestand ich meine Gesellenpr\u00fcfung. <br>1990 machte ich meinen Grundwehrdienst. <br>Ende 1992 legte ich meine Meisterpr\u00fcfung, in Frankfurt am Main, erfolgreich ab.<\/p>\n\n\n\n<p>1998 \u00fcbernahmen meine Schwester, Rita Harth und ich das Gesch\u00e4ft unserer Eltern.<\/p>\n\n\n\n<p>Zum 01.04.2022 ging meine Schwester und Gesch\u00e4ftspartnerin, Frau Rita Harth, in den wohlverdienten Ruhestand. Somit ist der Damensalon bis auf Weiteres geschlossen. Ich versuche den Damenbereich schnellstm\u00f6glich zu vermieten. <strong><a href=\"http:\/\/wp.haarnet.de\/?p=490\">Infos hier<\/a><\/strong><\/p>\n\n\n\n<div class=\"wp-block-media-text has-media-on-the-right is-stacked-on-mobile\"><div class=\"wp-block-media-text__content\">\n<p>Ich bin ein Friseur im Westen von Darmstadt<a href=\"http:\/\/www.darmstadt4you.de\/\" target=\"_blank\" rel=\"noreferrer noopener\"> <\/a>, genauer gesagt in der Waldkolonie. Die Waldkolonie ist ein Gebiet zwischen Hauptbahnhof, Rheinstra\u00dfe, Waldfriedhof und Mainzer Stra\u00dfe. Es handelt sich um ein einfaches, aber liebenswertes Wohngebiet&nbsp; mit v\u00f6llig unterschiedlichen Menschen. So wie das Wohngebiet sind auch meine Kunden, eben v\u00f6llig unterschiedlich. Genau aus diesem Grund mag ich meine Kunden und tue mein Bestes, damit diese sich bei Ihrem Besuch wohlf\u00fchlen&nbsp; und danach mit Ihrem Haarschnitt und Style zufrieden sind.&nbsp;<\/p>\n<\/div><figure class=\"wp-block-media-text__media\"><img loading=\"lazy\" decoding=\"async\" width=\"1024\" height=\"683\" src=\"http:\/\/wp.haarnet.de\/wp-content\/uploads\/2024\/02\/DSC_0141-1-1024x683.jpg\" alt=\"\" class=\"wp-image-898 size-full\" srcset=\"http:\/\/wp.haarnet.de\/wp-content\/uploads\/2024\/02\/DSC_0141-1-1024x683.jpg 1024w, http:\/\/wp.haarnet.de\/wp-content\/uploads\/2024\/02\/DSC_0141-1-300x200.jpg 300w, http:\/\/wp.haarnet.de\/wp-content\/uploads\/2024\/02\/DSC_0141-1-768x512.jpg 768w, http:\/\/wp.haarnet.de\/wp-content\/uploads\/2024\/02\/DSC_0141-1-1536x1024.jpg 1536w, http:\/\/wp.haarnet.de\/wp-content\/uploads\/2024\/02\/DSC_0141-1-2048x1365.jpg 2048w, http:\/\/wp.haarnet.de\/wp-content\/uploads\/2024\/02\/DSC_0141-1-120x80.jpg 120w\" sizes=\"auto, (max-width: 1024px) 100vw, 1024px\" \/><\/figure><\/div>\n\n\n\n<p>Im Laufe meines Berufsleben habe ich mich \u00fcberwiegend auf Herrenhaarschnitte und Kurzhaarfrisuren spezialisiert.<br><br>Ich setze auf eine gesunde Mischung zwischen Jugend und Erfahrung. Es w\u00fcrde mich freuen Sie eines Tages als Kunde bei mir zu sehen oder wiederzusehen.\u00a0<\/p>\n\n\n\n<p> <strong>Weiterhin viel Spa\u00df beim&nbsp; surfen auf meiner Internetseite&nbsp;&nbsp;<br> w\u00fcnscht Ihr Friseur Frank J\u00e4hrling.<\/strong><\/p>\n\n\n\n<p><br> &nbsp; <a href=\"mailto:frank@jaehrling.de\">Falls Sie Fragen oder Anregungen haben, scheuen Sie sich nicht zu Fragen.<\/a><\/p>\n","protected":false},"excerpt":{"rendered":"<p>Willkommen auf meiner&nbsp; Website. Mit meiner Webseite m\u00f6chten ich mich Ihnen ein wenig n\u00e4her bringen. 1968 bin ich in Darmstadt<\/p>\n","protected":false},"author":1,"featured_media":0,"parent":0,"menu_order":0,"comment_status":"closed","ping_status":"closed","template":"","meta":{"footnotes":""},"class_list":["post-45","page","type-page","status-publish","hentry"],"_links":{"self":[{"href":"http:\/\/wp.haarnet.de\/index.php?rest_route=\/wp\/v2\/pages\/45","targetHints":{"allow":["GET"]}}],"collection":[{"href":"http:\/\/wp.haarnet.de\/index.php?rest_route=\/wp\/v2\/pages"}],"about":[{"href":"http:\/\/wp.haarnet.de\/index.php?rest_route=\/wp\/v2\/types\/page"}],"author":[{"embeddable":true,"href":"http:\/\/wp.haarnet.de\/index.php?rest_route=\/wp\/v2\/users\/1"}],"replies":[{"embeddable":true,"href":"http:\/\/wp.haarnet.de\/index.php?rest_route=%2Fwp%2Fv2%2Fcomments&post=45"}],"version-history":[{"count":11,"href":"http:\/\/wp.haarnet.de\/index.php?rest_route=\/wp\/v2\/pages\/45\/revisions"}],"predecessor-version":[{"id":1190,"href":"http:\/\/wp.haarnet.de\/index.php?rest_route=\/wp\/v2\/pages\/45\/revisions\/1190"}],"wp:attachment":[{"href":"http:\/\/wp.haarnet.de\/index.php?rest_route=%2Fwp%2Fv2%2Fmedia&parent=45"}],"curies":[{"name":"wp","href":"https:\/\/api.w.org\/{rel}","templated":true}]}}